 value of 49 + ((-2 - -6) + -1 - (431 + -432)) - -11?
64
What is the value of 2 + -14 - (-169 + 168) - (39 - 1 - 4)?
-45
0 - (60 - 3) - (-29 + 2 - (423 + -460))
-67
68 + 3 + -12 + -14 - (-2 - (-3 + 0))
44
What is -1 - ((-6 - (9 - (5 - 3))) + 8 - 7)?
11
What is the value of 5 - 27 - (83 + -94) - -44?
33
What is -95 + (-48 - -23) + 36 + 2 + 1 + -4?
-85
Evaluate -117 + 221 + -241 + 112.
-25
What is 79 + (-2 - (-46 + (62 - 36)))?
97
Calculate 368 + -462 - (3 + -168).
71
(2 - -13) + (-21 - (-41 - (-70 - -43)))
8
Evaluate 92 + -108 - (21 + 3 - (2 - -3)).
-35
(7 - -4) + (-10 - 19)
-18
Evaluate -9 + -77 + (64 - 4).
-26
What is the value of -5 + (-9 - -7) + (45 - 3) - (-5 + 13)?
27
Evaluate 1 + (2 - -2) - 2 - (30 - (27 + -11)).
-11
Evaluate 27 + (0 + (-20 - -27) - -41).
75
What is the value of -41 - (5 - (-25 + 40))?
-31
Calculate 290 + -217 - (8 + 3).
62
Calculate -32 + (42 - (41 + 13 - 6)).
-38
What is the value of (-1 - -23) + 26 + (-11 - 49)?
-12
What is 45 - 0 - (404 + -331)?
-28
Evaluate (12 - 5) + 34 + 11 + -4 + -1 + -1.
46
Evaluate 66 - (-23 + (-7 - -187)).
-91
What is the value of -31 + -127 + 191 + -105 + 1?
-71
What is (1 - 3 - 2) + (-10 - (-5 + -14 + 12))?
-7
What is 89 + 0 - (14 - 5 - (63 + -26 + -16))?
101
Calculate -5 - 0 - 14 - (102 + -124 - -17).
-14
-51 + (54 - 70 - -21)
-46
Evaluate 16 + (-10 - -5 - (-1 - (-9 + 6))) - 48.
-39
What is 48 + 9 + -83 + 35?
9
Calculate (48 - 107) + -2 + (2 - -9) - -3.
-47
What is (-11 + (9 - -3) - -6) + 0 + -41?
-34
2 - (-1 - -16) - (-6 + -15 + -29)
37
Evaluate 24 + (17 + 2 + -19 - ((1 - -3) + 6)).
14
What is the value of (-133 - -226) + -92 - (-19 + -2)?
22
-18 + 7 - (-1 - 12 - (22 - (-4 - -3)))
25
0 + -2 + (10 - -22) + -40 + -32
-42
-38 - ((2 - -12) + 0 + -16 - 7)
-29
What is the value of 20 + 3 - (-658 - -714)?
-33
What is the value of 133 + (111 - 222 - -37)?
59
Evaluate (8 - 11) + 0 + 7 - (18 + 1) - -1.
-14
Calculate 30 + -5 - 40 - (10 + -8 - 73).
56
Evaluate -188 - (-92 + -19) - -162.
85
Calculate 24 - (34 - 26) - -24.
40
What is 15 - (-32 + 30) - (-27 + 2)?
42
Calculate -11 + -48 + 14 + 6 - -6.
-33
What is the value of (-16 - (-1 + -1)) + -3761 + 3756?
-19
Calculate -146 + (-132 - -176) + 121.
19
What is (-21 - -14) + -9 + 12 + -6 + (-39 - 0)?
-49
What is -141 - ((36 - 22) + -20) - -33?
-102
What is the value of (18 - -38 - 37) + -51 + 0?
-32
Calculate 6 - (-72 + 34 - -93).
-49
What is 2 + (66 - 0) + (-100 - (-90 - 11))?
69
-19 + (-11 - (5 - (10 + -13 + 4)))
-34
0 + 14 - (39 + -100 - -60)
15
What is -144 + -1 - (10569 - 10716)?
2
What is 66 - (66 + -26) - (-1 - -15) - -9?
21
Evaluate (-11 - 9) + (-15 - -53).
18
What is -3 + (8 - 0) + -7 + (-32 + 13 - -54)?
33
What is the value of (2 + -2 - (-10 - 5)) + -12 + (4 - -7)?
14
Calculate 2 + (2 - 4) + 395 + -400.
-5
(-2609 - -2618) + (-1 - 42)
-34
What is (65 - -2) + 15 + -10 + -22 + 13 - 0?
63
(1 - 12) + 35 + (-30 + 28 - -40)
62
What is 36 - (38 + 17) - 33?
-52
What is the value of -22 + 26 + -29 + -11 - -91?
55
What is the value of 2 + (25 - 10) + -9 + (2 - 3 - -29)?
36
Calculate 5 - (-8 - -5 - -1).
7
What is 55 - (-71 + 88 + -41 + (1 - -12 - 1))?
67
What is the value of -6 + 23 + -24 + 44 - -9?
46
Evaluate (1 - -1) + 5 - (-1360 - -1329) - (-8 - -6).
40
What is the value of 58 - 35 - (1 - (14 - 6) - -2)?
28
-11 + (6 + 0 - (-9 - (-13 + 24) - -14))
1
What is -8 + (28 - 34) - (21 - 13 - 31)?
9
54 + (-2 - -15 - 8 - 15 - -3)
47
What is the value of -4 + -7 + 0 + (-1 + 19 - -105)?
112
What is 63 + 0 + -4 + -16 + -5 + 16?
54
What is 57 + -1 + (-28 - (-61 + 90)) + 73?
72
What is the value of -3 - 11 - -1 - (-712 + 703) - -21?
17
What is the value of -4 - 57 - (-12 - (5 - -5 - (17 - 1)))?
-55
What is -35 + -1 + (-1 + 86 - 70)?
-21
What is -71 - 3 - (-843 + 812)?
-43
What is 20 + 12 + 1 + (-41 - -25 - -35)?
52
Calculate 2 + -5 + (0 - 5) + -2 + -30 + 7.
-33
Evaluate 0 + -50 + 20 + -18 + -19 + 17.
-50
Evaluate (-9 - (-103 + 105)) + -48.
-59
What is -123 + 184 - (-2 + 50)?
13
Calculate (-5 - 8 - 9) + 14 + (-28 - -14).
-22
Evaluate 70 - (-45 - -97) - 19.
-1
What is the value of -32 + (15 - 1) + 6 + -31 + 3 + -6?
-46
Calculate (8 + 1 - (-1 - -6)) + 129 + -89.
44
Evaluate (2 - 21 - -27 - 29) + -24.
-45
Evaluate -2 + 10 + (-2 - -4) + -4 + (-23 - 13).
-30
What is 7 - (-5 - -59) - (-8 - (-9 - (3 + -4)))?
-47
Calculate (36 + -17 - (2 - (-23 - 6))) + (0 - -9).
-3
Evaluate -14 + 10 - ((-47 - 4) + 4 + -4).
47
What is the value of -37 + -7 + 48 - 30?
-26
Calculate (-36 - (-48 - (38 - 57))) + -71.
-78
What is 37 + -122 - -91 - (1 + 144)?
-139
What is the value of 17 - (-56 + 32 + (-27 - -8))?
60
Calculate (-3 - -62) + -4 - (-33 + -19 - -43).
64
What is -1 + (-8 - (-10 - 1) - -7) + 14?
23
What is (10 - (18 - -15) - -17) + 12 - 29?
-23
What is the value of (0 + 16 - 0) + -2 + (42 + -50 - -7)?
13
(-253 - -112 - -92) + -53
-102
(0 - 9) + -7 + (4 - (-26 - -18))
-4
Calculate -17 + (6 - -13) + (-1 - -101).
102
Evaluate 28 + (-1 - (3 + -2)) + (-3017 - -3025).
34
Evaluate -14 + 16 + (-70 - (-2 - (-11 - -2 - 0))).
-75
-9 + -26 + -7 + 0 + -1
-43
What is (3 + 24 - -3) + (-1444 - -1459)?
45
Evaluate 5 + 6 - (4 - 45).
52
-17 - 28 - ((16 - 11 - -5) + -10)
-45
Evaluate -6 + 26 + -23 + (5 - 17).
-15
(-49 - 4) + 1 - (-14 + 8 + -14 + 19)
-51
-68 - -4 - (-151 - -103)
-16
What is -15 - 1 - (-1058 - -1017 - (2 + -4))?
23
97 + (9 - 61 - 106)
-61
Evaluate 1 - 1 - (308 - 290) - 27.
-45
What is the value of 2 + -14 + (36 - (46 + -16))?
-6
32 - (-12 - (0 + 9 + (-46 - -35)))
42
Calculate -1 + 6 - (9039 - 9052).
18
2 - -109 - (1883 + -1716)
-56
Evaluate -25 - (-1 + -12 + -21 + 27) - 10 - 4.
-32
Evaluate 3 + -20 - -22 - (-45 - -38).
12
Calculate 44 - (-2 - 4) - (-931 + 928).
53
Evaluate 2 + ((57 - 45) + -10 + -12 - (73 + 1)).
-82
What is 10 + 1 + (-46 - (22 + -25)) + 4?
-28
What is the value of 2 - ((-8 - 5 - (-32 + 6)) + -80)?
69
Calculate (6883 + -6846 - (0 + 1 + 0 + 1)) + -3.
32
What is 29 - (21 + (-80 - -41))?
47
-46 + (163 - -121) + -151
87
What is the value of (-1 - 21 - -8 - 3) + 38?
21
What is -32 + 36 + 0 + -40?
-36
Calculate -13 - ((-6 - 10) + -16 + 18).
1
Evaluate 6 - (-15 + 6) - 2 - 4 - (55 + 2).
-48
What is the value of 1 - (-32 + 67 + -4) - 38?
-68
Calculate (-18 - (9 + (12 + 7 + -14 - 12))) + -7.
-27
What is the value of (-58 - 1 - ((51 - 74) + 30)) + 10?
-56
Calculate (2 + -5 + -50 - -3) + (38 - 34) + -6.
-52
What is the value of 106 + (-76 - (132 - -2))?
-104
-33 - -1 - (-5757 + 5797)
-72
What is the value of (-2756 - -2777) + 1 + 17?
39
What is (-5 - 9) + -2 + (159 - (1 - -17))?
125
What is 7 + -3 - (29 - (-27 + 49)) - -48?
45
What is the value of 22 + -37 - ((-4 - -6) + -148 + 4)?
127
(-10 - 16 - -11 - -20) + (25 - 1)
29
What is 1 + (13 - (-8 + 2 + 0)) - 95?
-75
Evaluate -143 + (240 - 79 - 66).
-48
Evaluate -17 - (-20 + (-37 - 13 - -16)).
37
What is the value of -6 - 1 - (-33 - (-93 - (-20 + -12)))?
-35
What is the value of -2 + 3 + -7 + 48 + -21 + -42 + 12?
-9
-16 + 5 + 23 + 8 - 90
-70
Evaluate (-10 + (-13 - (-6 - -1)) - -92) + 10 + -1.
83
What is the value of -62 - (56 + (-31 - 46))?
-41
What is the value of -39 - ((3 - 3) + (-9 - 3 - -5) + 8)?
-40
36 - (-3 + 0 - (-40 - (-32 + -6)))
37
5 + -4 - (18 - 30 - (-7 + 14 + -12))
8
Calculate (-10 - -41) + (-6 - 2) + 6.
29
Calculate 14 - -1 - (23 - (22 - 34)) - -11.
-9
Evaluate -2 - (-27 - -1) - (-131 + 74 + 40).
41
-29 - (31 - 41 - 9)
-10
Calculate (-159 - -8 - -143) + (-14 - -1).
-21
Calculate (16 - (-10 - (-31 + 16))) + (-2 - -56) + 11.
76
Evaluate -5 + 0 + 17 + (-28 - 19).
-35
What is the value of -59 - -92 - (17 + 3)?
13
What is -122 - -56 - (113 + -115)?
-64
(6 - 1 - 1) + (95 + -8 + -11 - 16)
64
41 + 2 + -4 - (224 - 135)
-50
-99 + -17 - (-1 + -28) - (2 - 17)
-72
Calculate 8 - (26 + -24) - (-38 + 13).
31
8 + (-35 - (-78 - -33)) - (96 + 0)
-78
Calculate 1 + -138 - (826 + -877).
-86
Calculate 48 + (-30 - -20) + -48.
-10
Calculate -2 + 91 + -163 + 90.
16
Evaluate 30 - 3 - (-69 + 166 + 20).
-90
What is the value of -10 + -5 + (17 - (14 - 9)) - 14?
-17
Calculate 44 + (-1 - -1) + 8 + (-9 - (-1 + -1)).
45
Calculate -315 - -366 - (-5 + 9 + (1 - 2)).
48
Evaluate (-5 - -11) + (15 - 13 - -7 - 14) + 4.
5
Evaluate 12 + -6 + (126 - 118).
14
What is 9 - (0 + -1 + -29 + 13 - -96)?
-70
What is the value of 11 + -2 + -35 + 14 + 7?
-5
What is -54 - 48 - 